{"id":654,"date":"2022-02-26T09:00:13","date_gmt":"2022-02-26T09:00:13","guid":{"rendered":"https:\/\/hub.jungundbanse.de\/lehmann\/?post_type=slider&#038;p=654"},"modified":"2022-12-02T16:32:15","modified_gmt":"2022-12-02T16:32:15","slug":"1983","status":"publish","type":"slider","link":"https:\/\/hub.jungundbanse.de\/lehmann\/slider\/1983\/","title":{"rendered":"2011"},"content":{"rendered":"<figure class=\"wp-block-image greyd-image   gs_N7z4Ou\"><img loading=\"lazy\" decoding=\"async\" width=\"400\" height=\"320\" src=\"https:\/\/hub.jungundbanse.de\/lehmann\/wp-content\/uploads\/sites\/4\/2022\/10\/Lehmann_Historie_Slider_04.4.webp\" class=\"wp-image-1086\" alt=\"Lehmann_Historie_Slider_04.4\" srcset=\"https:\/\/hub.jungundbanse.de\/lehmann\/wp-content\/uploads\/sites\/4\/2022\/10\/Lehmann_Historie_Slider_04.4.webp 400w, https:\/\/hub.jungundbanse.de\/lehmann\/wp-content\/uploads\/sites\/4\/2022\/10\/Lehmann_Historie_Slider_04.4-300x240.webp 300w\" sizes=\"(max-width: 400px) 100vw, 400px\" \/><\/figure>\n\n<div  class='spacer_wrap ' style='visibility: hidden'><div class='wp-block-spacer inner-sm' style='height: calc(40px * 0.4)' aria-hidden='true'><\/div><div class='wp-block-spacer inner-md' style='height: calc(40px * 0.6)' aria-hidden='true'><\/div><div class='wp-block-spacer inner-lg' style='height: calc(40px * 0.8)' aria-hidden='true'><\/div><div class='wp-block-spacer inner-xl' style='height: calc(40px * 1)' aria-hidden='true'><\/div><\/div>\n\n\n<h4 class=\"wp-block-heading\"><mark style=\"background-color:rgba(0, 0, 0, 0)\" class=\"has-inline-color has-color-11-color\">2011<\/mark><\/h4>\n\n\n\n<p>Die dritte Generation tritt in das Unternehmen ein. Andreas Lehmann als Isoliermeister und Tobias Lehmann als Fachplaner f\u00fcr den vorbeugenden baulichen Brandschutz. Der gute Name Lehmann wurde bis dahin erfolgreich weitergef\u00fchrt und steht in der Branche f\u00fcr Zuverl\u00e4ssigkeit und Qualit\u00e4t.<\/p>\n","protected":false},"author":1,"featured_media":0,"template":"","meta":{"_eb_attr":"","greyd_block_editor_preview":[]},"slider_category":[23],"yoast_head":"<!-- This site is optimized with the Yoast SEO plugin v21.5 - https:\/\/yoast.com\/wordpress\/plugins\/seo\/ -->\n<title>2011 - Lehmann<\/title>\n<meta name=\"robots\" content=\"noindex, follow, max-snippet:-1, max-image-preview:large, max-video-preview:-1\" \/>\n<meta property=\"og:locale\" content=\"de_DE\" \/>\n<meta property=\"og:type\" content=\"article\" \/>\n<meta property=\"og:title\" content=\"2011 - Lehmann\" \/>\n<meta property=\"og:description\" content=\"2011 Die dritte Generation tritt in das Unternehmen ein. Andreas Lehmann als Isoliermeister und Tobias Lehmann als Fachplaner f\u00fcr den vorbeugenden baulichen Brandschutz. Der gute Name Lehmann wurde bis dahin erfolgreich weitergef\u00fchrt und steht in der Branche f\u00fcr Zuverl\u00e4ssigkeit und Qualit\u00e4t.\" \/>\n<meta property=\"og:url\" content=\"https:\/\/hub.jungundbanse.de\/lehmann\/slider\/1983\/\" \/>\n<meta property=\"og:site_name\" content=\"Lehmann\" \/>\n<meta property=\"article:modified_time\" content=\"2022-12-02T16:32:15+00:00\" \/>\n<meta name=\"twitter:card\" content=\"summary_large_image\" \/>\n<script type=\"application\/ld+json\" class=\"yoast-schema-graph\">{\"@context\":\"https:\/\/schema.org\",\"@graph\":[{\"@type\":\"WebPage\",\"@id\":\"https:\/\/hub.jungundbanse.de\/lehmann\/slider\/1983\/\",\"url\":\"https:\/\/hub.jungundbanse.de\/lehmann\/slider\/1983\/\",\"name\":\"2011 - Lehmann\",\"isPartOf\":{\"@id\":\"https:\/\/hub.jungundbanse.de\/lehmann\/#website\"},\"datePublished\":\"2022-02-26T09:00:13+00:00\",\"dateModified\":\"2022-12-02T16:32:15+00:00\",\"breadcrumb\":{\"@id\":\"https:\/\/hub.jungundbanse.de\/lehmann\/slider\/1983\/#breadcrumb\"},\"inLanguage\":\"de-DE\",\"potentialAction\":[{\"@type\":\"ReadAction\",\"target\":[\"https:\/\/hub.jungundbanse.de\/lehmann\/slider\/1983\/\"]}]},{\"@type\":\"BreadcrumbList\",\"@id\":\"https:\/\/hub.jungundbanse.de\/lehmann\/slider\/1983\/#breadcrumb\",\"itemListElement\":[{\"@type\":\"ListItem\",\"position\":1,\"name\":\"Home\",\"item\":\"https:\/\/hub.jungundbanse.de\/lehmann\/\"},{\"@type\":\"ListItem\",\"position\":2,\"name\":\"Slides\",\"item\":\"https:\/\/hub.jungundbanse.de\/lehmann\/slider\/\"},{\"@type\":\"ListItem\",\"position\":3,\"name\":\"2011\"}]},{\"@type\":\"WebSite\",\"@id\":\"https:\/\/hub.jungundbanse.de\/lehmann\/#website\",\"url\":\"https:\/\/hub.jungundbanse.de\/lehmann\/\",\"name\":\"Lehmann\",\"description\":\"Isolier- und Brandschutztechnik aus Wendelstein\",\"publisher\":{\"@id\":\"https:\/\/hub.jungundbanse.de\/lehmann\/#organization\"},\"potentialAction\":[{\"@type\":\"SearchAction\",\"target\":{\"@type\":\"EntryPoint\",\"urlTemplate\":\"https:\/\/hub.jungundbanse.de\/lehmann\/?s={search_term_string}\"},\"query-input\":\"required name=search_term_string\"}],\"inLanguage\":\"de-DE\"},{\"@type\":\"Organization\",\"@id\":\"https:\/\/hub.jungundbanse.de\/lehmann\/#organization\",\"name\":\"Lehmann\",\"url\":\"https:\/\/hub.jungundbanse.de\/lehmann\/\",\"logo\":{\"@type\":\"ImageObject\",\"inLanguage\":\"de-DE\",\"@id\":\"https:\/\/hub.jungundbanse.de\/lehmann\/#\/schema\/logo\/image\/\",\"url\":\"https:\/\/hub.jungundbanse.de\/lehmann\/wp-content\/uploads\/sites\/4\/2022\/10\/L_Lehmann_Wortbildmarke_RGB_Standard.svg\",\"contentUrl\":\"https:\/\/hub.jungundbanse.de\/lehmann\/wp-content\/uploads\/sites\/4\/2022\/10\/L_Lehmann_Wortbildmarke_RGB_Standard.svg\",\"caption\":\"Lehmann\"},\"image\":{\"@id\":\"https:\/\/hub.jungundbanse.de\/lehmann\/#\/schema\/logo\/image\/\"}}]}<\/script>\n<!-- \/ Yoast SEO plugin. -->","yoast_head_json":{"title":"2011 - Lehmann","robots":{"index":"noindex","follow":"follow","max-snippet":"max-snippet:-1","max-image-preview":"max-image-preview:large","max-video-preview":"max-video-preview:-1"},"og_locale":"de_DE","og_type":"article","og_title":"2011 - Lehmann","og_description":"2011 Die dritte Generation tritt in das Unternehmen ein. Andreas Lehmann als Isoliermeister und Tobias Lehmann als Fachplaner f\u00fcr den vorbeugenden baulichen Brandschutz. Der gute Name Lehmann wurde bis dahin erfolgreich weitergef\u00fchrt und steht in der Branche f\u00fcr Zuverl\u00e4ssigkeit und Qualit\u00e4t.","og_url":"https:\/\/hub.jungundbanse.de\/lehmann\/slider\/1983\/","og_site_name":"Lehmann","article_modified_time":"2022-12-02T16:32:15+00:00","twitter_card":"summary_large_image","schema":{"@context":"https:\/\/schema.org","@graph":[{"@type":"WebPage","@id":"https:\/\/hub.jungundbanse.de\/lehmann\/slider\/1983\/","url":"https:\/\/hub.jungundbanse.de\/lehmann\/slider\/1983\/","name":"2011 - Lehmann","isPartOf":{"@id":"https:\/\/hub.jungundbanse.de\/lehmann\/#website"},"datePublished":"2022-02-26T09:00:13+00:00","dateModified":"2022-12-02T16:32:15+00:00","breadcrumb":{"@id":"https:\/\/hub.jungundbanse.de\/lehmann\/slider\/1983\/#breadcrumb"},"inLanguage":"de-DE","potentialAction":[{"@type":"ReadAction","target":["https:\/\/hub.jungundbanse.de\/lehmann\/slider\/1983\/"]}]},{"@type":"BreadcrumbList","@id":"https:\/\/hub.jungundbanse.de\/lehmann\/slider\/1983\/#breadcrumb","itemListElement":[{"@type":"ListItem","position":1,"name":"Home","item":"https:\/\/hub.jungundbanse.de\/lehmann\/"},{"@type":"ListItem","position":2,"name":"Slides","item":"https:\/\/hub.jungundbanse.de\/lehmann\/slider\/"},{"@type":"ListItem","position":3,"name":"2011"}]},{"@type":"WebSite","@id":"https:\/\/hub.jungundbanse.de\/lehmann\/#website","url":"https:\/\/hub.jungundbanse.de\/lehmann\/","name":"Lehmann","description":"Isolier- und Brandschutztechnik aus Wendelstein","publisher":{"@id":"https:\/\/hub.jungundbanse.de\/lehmann\/#organization"},"potentialAction":[{"@type":"SearchAction","target":{"@type":"EntryPoint","urlTemplate":"https:\/\/hub.jungundbanse.de\/lehmann\/?s={search_term_string}"},"query-input":"required name=search_term_string"}],"inLanguage":"de-DE"},{"@type":"Organization","@id":"https:\/\/hub.jungundbanse.de\/lehmann\/#organization","name":"Lehmann","url":"https:\/\/hub.jungundbanse.de\/lehmann\/","logo":{"@type":"ImageObject","inLanguage":"de-DE","@id":"https:\/\/hub.jungundbanse.de\/lehmann\/#\/schema\/logo\/image\/","url":"https:\/\/hub.jungundbanse.de\/lehmann\/wp-content\/uploads\/sites\/4\/2022\/10\/L_Lehmann_Wortbildmarke_RGB_Standard.svg","contentUrl":"https:\/\/hub.jungundbanse.de\/lehmann\/wp-content\/uploads\/sites\/4\/2022\/10\/L_Lehmann_Wortbildmarke_RGB_Standard.svg","caption":"Lehmann"},"image":{"@id":"https:\/\/hub.jungundbanse.de\/lehmann\/#\/schema\/logo\/image\/"}}]}},"_links":{"self":[{"href":"https:\/\/hub.jungundbanse.de\/lehmann\/wp-json\/wp\/v2\/slider\/654"}],"collection":[{"href":"https:\/\/hub.jungundbanse.de\/lehmann\/wp-json\/wp\/v2\/slider"}],"about":[{"href":"https:\/\/hub.jungundbanse.de\/lehmann\/wp-json\/wp\/v2\/types\/slider"}],"author":[{"embeddable":true,"href":"https:\/\/hub.jungundbanse.de\/lehmann\/wp-json\/wp\/v2\/users\/1"}],"wp:attachment":[{"href":"https:\/\/hub.jungundbanse.de\/lehmann\/wp-json\/wp\/v2\/media?parent=654"}],"wp:term":[{"taxonomy":"slider_category","embeddable":true,"href":"https:\/\/hub.jungundbanse.de\/lehmann\/wp-json\/wp\/v2\/slider_category?post=654"}],"curies":[{"name":"wp","href":"https:\/\/api.w.org\/{rel}","templated":true}]}}

<figure class="wp-block-image greyd-image   gs_N7z4Ou"><img loading="lazy" decoding="async" width="400" height="320" src="https://hub.jungundbanse.de/lehmann/wp-content/uploads/sites/4/2022/10/Lehmann_Historie_Slider_04.4.webp" class="wp-image-1086" alt="Lehmann_Historie_Slider_04.4" srcset="https://hub.jungundbanse.de/lehmann/wp-content/uploads/sites/4/2022/10/Lehmann_Historie_Slider_04.4.webp 400w, https://hub.jungundbanse.de/lehmann/wp-content/uploads/sites/4/2022/10/Lehmann_Historie_Slider_04.4-300x240.webp 300w" sizes="(max-width: 400px) 100vw, 400px" /></figure>

<div  class='spacer_wrap ' style='visibility: hidden'><div class='wp-block-spacer inner-sm' style='height: calc(40px * 0.4)' aria-hidden='true'></div><div class='wp-block-spacer inner-md' style='height: calc(40px * 0.6)' aria-hidden='true'></div><div class='wp-block-spacer inner-lg' style='height: calc(40px * 0.8)' aria-hidden='true'></div><div class='wp-block-spacer inner-xl' style='height: calc(40px * 1)' aria-hidden='true'></div></div>


<h4 class="wp-block-heading"><mark style="background-color:rgba(0, 0, 0, 0)" class="has-inline-color has-color-11-color">2011</mark></h4>



<p>Die dritte Generation tritt in das Unternehmen ein. Andreas Lehmann als Isoliermeister und Tobias Lehmann als Fachplaner für den vorbeugenden baulichen Brandschutz. Der gute Name Lehmann wurde bis dahin erfolgreich weitergeführt und steht in der Branche für Zuverlässigkeit und Qualität.</p>

<!-- This site is optimized with the Yoast SEO plugin v21.5 - https://yoast.com/wordpress/plugins/seo/ -->
<title>2011 - Lehmann</title>
<meta name="robots" content="noindex, follow, max-snippet:-1, max-image-preview:large, max-video-preview:-1" />
<meta property="og:locale" content="de_DE" />
<meta property="og:type" content="article" />
<meta property="og:title" content="2011 - Lehmann" />
<meta property="og:description" content="2011 Die dritte Generation tritt in das Unternehmen ein. Andreas Lehmann als Isoliermeister und Tobias Lehmann als Fachplaner für den vorbeugenden baulichen Brandschutz. Der gute Name Lehmann wurde bis dahin erfolgreich weitergeführt und steht in der Branche für Zuverlässigkeit und Qualität." />
<meta property="og:url" content="https://hub.jungundbanse.de/lehmann/slider/1983/" />
<meta property="og:site_name" content="Lehmann" />
<meta property="article:modified_time" content="2022-12-02T16:32:15+00:00" />
<meta name="twitter:card" content="summary_large_image" />
<script type="application/ld+json" class="yoast-schema-graph">{"@context":"https://schema.org","@graph":[{"@type":"WebPage","@id":"https://hub.jungundbanse.de/lehmann/slider/1983/","url":"https://hub.jungundbanse.de/lehmann/slider/1983/","name":"2011 - Lehmann","isPartOf":{"@id":"https://hub.jungundbanse.de/lehmann/#website"},"datePublished":"2022-02-26T09:00:13+00:00","dateModified":"2022-12-02T16:32:15+00:00","breadcrumb":{"@id":"https://hub.jungundbanse.de/lehmann/slider/1983/#breadcrumb"},"inLanguage":"de-DE","potentialAction":[{"@type":"ReadAction","target":["https://hub.jungundbanse.de/lehmann/slider/1983/"]}]},{"@type":"BreadcrumbList","@id":"https://hub.jungundbanse.de/lehmann/slider/1983/#breadcrumb","itemListElement":[{"@type":"ListItem","position":1,"name":"Home","item":"https://hub.jungundbanse.de/lehmann/"},{"@type":"ListItem","position":2,"name":"Slides","item":"https://hub.jungundbanse.de/lehmann/slider/"},{"@type":"ListItem","position":3,"name":"2011"}]},{"@type":"WebSite","@id":"https://hub.jungundbanse.de/lehmann/#website","url":"https://hub.jungundbanse.de/lehmann/","name":"Lehmann","description":"Isolier- und Brandschutztechnik aus Wendelstein","publisher":{"@id":"https://hub.jungundbanse.de/lehmann/#organization"},"potentialAction":[{"@type":"SearchAction","target":{"@type":"EntryPoint","urlTemplate":"https://hub.jungundbanse.de/lehmann/?s={search_term_string}"},"query-input":"required name=search_term_string"}],"inLanguage":"de-DE"},{"@type":"Organization","@id":"https://hub.jungundbanse.de/lehmann/#organization","name":"Lehmann","url":"https://hub.jungundbanse.de/lehmann/","logo":{"@type":"ImageObject","inLanguage":"de-DE","@id":"https://hub.jungundbanse.de/lehmann/#/schema/logo/image/","url":"https://hub.jungundbanse.de/lehmann/wp-content/uploads/sites/4/2022/10/L_Lehmann_Wortbildmarke_RGB_Standard.svg","contentUrl":"https://hub.jungundbanse.de/lehmann/wp-content/uploads/sites/4/2022/10/L_Lehmann_Wortbildmarke_RGB_Standard.svg","caption":"Lehmann"},"image":{"@id":"https://hub.jungundbanse.de/lehmann/#/schema/logo/image/"}}]}</script>
<!-- / Yoast SEO plugin. -->

2011 Die dritte Generation tritt in das Unternehmen ein. Andreas Lehmann als Isoliermeister und Tobias Lehmann als Fachplaner für den vorbeugenden baulichen Brandschutz. Der gute Name Lehmann wurde bis dahin erfolgreich weitergeführt und steht in der Branche für Zuverlässigkeit und Qualität.
